alse
Let d(t) = -t. Let g(a) = 2*a - 1. Let f(p) = 2*d(p) - g(p). Let b be f(-1). Suppose b*v - 2571 = 5374. Is v prime?
False
Let u(t) = 1335*t - 8. Is u(5) a composite number?
True
Is 4212416/747 - (0 + 1/9) a prime number?
True
Suppose 0 = -h - 4*r - 16, -4*r = -4*h - 0*r - 44. Let d be 3/h*2*-4. Suppose -t + d*a + 99 = 0, -4*t + 3*a + 485 = 114. Is t composite?
False
Let i = -122572 - -189675. Is i a prime number?
True
Suppose 0 = g - 0*g - 37. Suppose -56 - g = k. Is (-3 - k/(-6))*-2 a composite number?
False
Let q = -5871 - -15352. Is q a prime number?
False
Let w(b) = 5100*b**2 - 11*b - 43. Is w(-4) composite?
True
Let r(t) = -43*t**3 - 3*t**2 - 3*t - 3. Let u be r(-3). Suppose -4*v = -y - 1275 - 248, 3*v = 3*y + u. Is v a prime number?
False
Suppose 2*l - 3634 = 2*k - 23234, -4*l = -k + 9791. Is k a composite number?
False
Suppose -2*z = 64*g - 69*g - 16809, -5*z - 3*g = -41945. Let x(m) = -2*m - 4. Let y be x(-3). Suppose -10*b + y*b = -z. Is b a composite number?
False
Let k(f) = 13750*f + 9. Is k(2) a composite number?
False
Is (-16287)/(-2) + 124/(-248) prime?
False
Suppose 13862 = 5*s + 10*m - 13*m, s + 3*m - 2776 = 0. Is s a composite number?
True
Is (1270/3)/(54/81) composite?
True
Suppose -13*q - 4*h - 190996 = -17*q, -2*q + 5*h + 95507 = 0. Is q composite?
True
Let j = -34 - -32. Let f(v) be the second derivative of -17*v**5/20 - v**4/12 - v**2/2 - 2*v. Is f(j) composite?
False
Let y(b) be the second derivative of 7*b**4/2 + 4*b**3/3 - 3*b**2/2 + 12*b. Is y(-6) a prime number?
False
Let c(k) = k**3 - k**2 + k - 1. Let x be (-1 + 4/4)*-1. Let y be c(x). Is (149/3)/(y/(-3)) prime?
True
Let f(z) = -z**3 - 11*z**2 + 11*z - 9. Let j be f(-12). Suppose y - 798 = -2*k + 99, -j*k - 1829 = -2*y. Is y a prime number?
True
Is (0 + 3/(-2))*(-110858)/33 prime?
True
Is -6 + 4 - 4 - -1 - -2710 prime?
False
Let a(i) = 2*i**2 + 4*i - 6. Let l be a(2). Suppose 12*b - 622 = l*b. Is b a composite number?
False
Let y = 7 + -1. Let j(s) = 33*s**2 + 11*s - 22. Let g be j(y). Suppose -3*m + w = m - g, -3*m - 2*w = -913. Is m composite?
False
Let p(d) = 17*d**2 + 12*d + 17. Is p(12) a prime number?
True
Suppose 4*a - a - 126 = 0. Let k = -22 + a. Let t = 51 - k. Is t composite?
False
Suppose 3*v = 4*w + 10802, 3*v - 2*w - 8511 = 2293. Is v composite?
True
Suppose -i = -1, -5*g - 3*i + 41702 = -17246. Is g composite?
False
Suppose -4*h + 15588 = -4084. Is h prime?
False
Let c be 3 + -3 + 116/4. Suppose -2*q = -21 + c. Is (-11949)/(-77) + q/22 a composite number?
True
Is -3 - (-105)/33 - (-219327)/11 a composite number?
True
Let u(k) be the first derivative of 7*k**2 - k - 7. Let b be u(1). Let l = 16 - b. Is l a composite number?
False
Let z(k) = -k**3 - k**2 + 7303. Let d be z(0). Suppose -5*p + d = -4662. Is p composite?
False
Let i = 50887 - 32264. Is i a composite number?
True
Suppose 4312 = 5*n + 4*i - 1683, 5*i - 1199 = -n. Is n prime?
False
Is 21251 + 4/2 - (20 + -18) composite?
True
Suppose 4*t + 91 = 3*v, 2*t + 59 + 3 = 2*v. Let g = 38 - 22. Let u = v + g. Is u a prime number?
False
Let d(n) = 2*n**3 - 9*n**2 + 4*n - 2. Let b(t) = t**3 + 11*t**2 + 10*t + 9. Let i be b(-10). Is d(i) prime?
False
Suppose -c + 3*p = -5*c + 8396, -5*c + 10495 = -3*p. Is c a composite number?
False
Let m(t) = t**2 - 3*t - 2. Let x be m(4). Let w(v) = -892*v - 1. Let a be w(x). Is (-1)/(-4) - a/12 composite?
False
Let c(t) = 3*t - 1. Let s be c(8). Let d = s - 21. Is -6 + d + (-1323)/(-9) prime?
False
Let g(q) = -100*q**3 - 2*q**2 + 3*q + 5. Is g(-2) a composite number?
True
Suppose f - 5 = 0, -6*m = -5*m - 4*f + 16. Suppose 0 = m*g + 107 + 21. Let b = g + 83. Is b prime?
False
Suppose 0*i + k = -4*i + 20, 2*k = 8. Suppose i*z - 6*z + 442 = 0. Is z a prime number?
False
Suppose -3*i = 2*r + 8, 4 = -2*r + 6*r + i. Suppose -1239 = -d - r*d. Is d a composite number?
True
Let i(n) = n**2 - 18*n + 2. Let w be 8/(-28) - 256/(-14). Let m be i(w). Suppose m*p - 3*p + 797 = 0. Is p a composite number?
False
Is -1*(-97268)/8*2 a prime number?
True
Let q = 3032 - 1741. Is q a prime number?
True
Suppose -4*v - 2*l = -7 - 17, 4*v - 20 = -l. Suppose 851 + 945 = v*m. Is m composite?
False
Let a(b) = 2*b + 13. Let p be a(-7). Let n = 9 - p. Suppose -n*v + 5802 = -4*v. Is v composite?
False
Is (-29009)/((0 + 2 + -3)*1) a composite number?
False
Let d(b) = 133*b - 20. Is d(3) prime?
True
Let m(t) = 295*t**2 + 393*t - 9. Is m(10) a prime number?
False
Let f be 15 - (-1 + -2 + 3). Let x be 1/(-4) - f/4. Is x/(-16) - 43/(-4) prime?
True
Suppose -4*k + 3421 = -3*c, 65 + 1668 = 2*k + 3*c. Suppose 4*o + 1300 = 9*o. Let x = k - o. Is x a prime number?
True
Let l be (-8)/12 - -1 - (-3061)/(-3). Let m = 2674 + l. Is m prime?
False
Let g(z) = 105*z + 296. Is g(33) a composite number?
False
Suppose -4*r = 3*l - 20893, -3*r - l = -0*l - 15676. Is r prime?
True
Suppose -3*t - 36 = -6*t. Suppose 5*g + 6 - 2 = -3*u, 3*g = -5*u - t. Is (u - (2 - 8)) + 154 a prime number?
True
Suppose z = -5*a + 10360 + 3652, 0 = -5*a + 15. Is z a prime number?
True
Suppose -5*h + 2*h = -3*c - 210, -3*h - 280 = 4*c. Let g = c + 117. Is g composite?
False
Let x = 1019 + -433. Is (4/2)/(4/x) composite?
False
Suppose 6*i = 4*i + 4710. Suppose 0*u - 4*u + 2*z = -1884, -5*u - 5*z = -i. Is u a composite number?
True
Let p(z) = -53 - z**2 + 212 - 2*z + 0*z. Let r be p(0). Let b = r - 106. Is b a prime number?
True
Let h(k) = 3*k**2 + 12*k + 6. Suppose -b = -0*b - 2. Suppose o + b = -7. Is h(o) a prime number?
False
Let z = 79 + -76. Suppose 2*k + 3*o - 7610 = 0, -z*k - o = 3*o - 11413. Is k a composite number?
True
Suppose -16*b = -43*b + 735021. Is b a prime number?
False
Let q(c) be the third derivative of -5*c**4/2 - 10*c**3/3 - 5*c**2. Let f be q(-9). Let k = f - 29. Is k composite?
False
Let i = 298 + -25. Let r = i - 152. Is r a prime number?
False
Let x be ((-72)/(-16))/(3/4). Let p(m) = -m**2 + 6*m + 4. Let q be p(x). Suppose -q*b + 434 = -2*b. Is b a prime number?
False
Let r(z) = 13*z - 11. Let w be 4 - 4 - (-1 + -2). Let y be (-39)/(-4) - w/(-12). Is r(y) a composite number?
True
Let v = -4474 + 10091. Is v a prime number?
False
Suppose 3*p - 4*p + 753 = 0. Let n = p - 520. Is n a composite number?
False
Let p(i) = -i**3 + 13*i**2 + 32*i - 29. Let a be p(15). Is 1644/28 + a + 10/(-14) a composite number?
False
Let f be -1035*(-1)/((-10)/(-16)). Suppose s - f = 5*h, 0 = -2*s + 2*h - 7*h + 3237. Is s composite?
True
Let q(z) = 21*z**2 - 798 + 799 - 7*z - 11*z. Is q(12) a composite number?
True
Let x(i) be the second derivative of -85*i**4/12 - i**3/6 - i**2/2 - 6*i. Let y be x(2). Let g = y - -662. Is g a composite number?
True
Let n be 58/((-3)/(-3))*4. Suppose 2*l + 4*s = 148, 5*l - 4*s - n = 2*l. Let p = l + 115. Is p prime?
True
Suppose d + 8 = -3*w, -d - 9 = 4*w + 3. Let z(k) = -2*k + 10. Let t be z(d). Suppose 3*g + t*n - 390 = 184, 0 = g - 3*n - 206. Is g a prime number?
False
Let k = -151 - -474. Let h = k + -136. Is h prime?
False
Suppose -4*l + 760 = -5*k, -l - l - 2*k + 362 = 0. Let u = 624 - l. Is u a prime number?
True
Let d = -11132 + 17769. Is d a prime number?
True
Let k be (30/45)/((-2)/(-15)). Suppose -k*l + 6 = -4. Suppose i + 3 = l*i. Is i a prime number?
True
Suppose 0 = -2*l + 6*l. Let k = l - -22. Is k prime?
False
Let g(m) = -15*m**3 - 2*m**2 - 16*m - 36. Let j be g(-3). Let n be 1/((-6)/4)*408. Let v = j + n. Is v composite?
False
Let p be (-10)/5 + 6 + -2. Suppose -1060 + 390 = -p*t. Is t prime?
False
Let g = -6991 - -4840. Let m = g + 3797. Is m composite?
True
Let j = 39 + -22. Let q = j + -10. Suppose 3*p = -4*r + q*p + 300, -3*p = r - 83. Is r composite?
True
Suppose 43*s - 1955449 = 12*s. Is s a prime number?
True
Let r(x) = x**2 - 10*x + 15. Let f be r(9). Let v(b) = 3*b - 14. Let t be v(f). Suppose -2*y + 2*p = -0*p - 18, t*p = y - 6. Is y a composite number?
True
Let l be (90/(-75))/(3/(-10)). Let g(v) = 44*v + 5. Let q be g(l). Let p = q - -42. Is p a prime number?
True
Let g(y) = -y**2 - 6*y - 1. Let a be g(-5). Let r be 143/1 + 4/(-1). Suppose -57 = -a*k + r. Is k a prime number?
False
Suppose 17*c = 12*c + 12055. Is c a composite number?
False
Let j(w) = -w**3 - 5*w**2 + 6*w + 1. Let c be j(-6). Suppose 3*o = -d + c + 8, 4*d + 24 = 3*o. Let s(n) = 8*n**2 - 3*n + 1. Is s(d)